 factors of w?
2
Suppose 5*c + 3*s + 25 - 7 = 0, 5*s + 5 = 0. Let a(k) = -k**3 - 22. Let h be a(0). What are the prime factors of (c - 0 - h) + 0?
19
List the prime factors of 30 + -38 - (-1616)/2.
2, 5
Let w = -3 - -5. Let r = w - -1. List the prime factors of 18 - r - (-1 + 3).
13
Let d(u) = -u**3 + 20*u**2 - 37*u + 42. List the prime factors of d(18).
2, 3
Let d = 2 + 0. Let g = 1 + d. Suppose 3 = g*m - 99. List the prime factors of m.
2, 17
Let v(s) = s + 10*s - 4*s + 5. Let r be (-1)/3*(-36)/4. What are the prime factors of v(r)?
2, 13
Suppose -34*d + 673 + 11771 = 0. What are the prime factors of d?
2, 3, 61
Suppose 116 = 5*h - 3*l, -4*h + 74 = 5*l - 4. Let r = h - -16. List the prime factors of r.
2, 19
Suppose 1273 - 8523 = -25*g. List the prime factors of g.
2, 5, 29
Let g(k) = k + 5. Let m be g(-15). Let s = -10 - m. What are the prime factors of 40 - (s + -1) - -4?
3, 5
Let n = 235 + -189. What are the prime factors of n?
2, 23
Let b be (-4 - -5) + (-4)/(-2). Let x(n) = b + 9*n + 0*n - 1 + 2*n. What are the prime factors of x(3)?
5, 7
List the prime factors of (-4)/18 + (-76775)/(-225).
11, 31
Let f(l) = 27*l**2 - 18*l + 4. What are the prime factors of f(4)?
2, 7, 13
Let j(n) = n**3 + 13*n**2 + 5. Let u be j(-13). Suppose 4*p + 64 = y - 51, u*p = -2*y + 217. List the prime factors of y.
3, 37
What are the prime factors of ((-3114)/10 - 0)*60/(-9)?
2, 3, 173
Let w be 0/3 + -6*6/(-9). Suppose -4*f + 2*u = f - 68, 52 = 3*f - w*u. List the prime factors of f.
2, 3
Suppose -3*u + 3 = -6*u. Let h be 10/(u/((-2)/4)). Suppose -36 = -h*b + 4. What are the prime factors of b?
2
Suppose f = -2*f + 15. What are the prime factors of f?
5
Let p = 2 - -8. Suppose 3*n = 2*n + b + p, -4*n - 2*b + 58 = 0. List the prime factors of n.
13
Let a(d) = 557*d**2 + 18*d - 3. What are the prime factors of a(-3)?
2, 3, 7, 59
Let n(o) = 9 + 69*o + 0*o - 11 - 17*o. What are the prime factors of n(3)?
2, 7, 11
Suppose 3*u + 2*c - 71 - 7 = 0, -66 = -3*u + 2*c. Suppose -l + u = -31. What are the prime factors of l?
5, 11
Let a(i) = i**2 - 2*i - 1. Let o be a(1). What are the prime factors of ((-40)/(-12))/(o/(-9))?
3, 5
Suppose 3*k - 7 = 3*d + 2297, -3*k = 3*d - 2328. List the prime factors of k.
2, 193
Let h(f) = f**2 + 4*f + 12. Let g be h(-5). Let l be (2 - 4 - 0)*g. Let p = l + 62. List the prime factors of p.
2, 7
Suppose 4*a = 3*j + 6642, 0 = -4*a + 9*a + j - 8293. List the prime factors of a.
3, 7, 79
Suppose 0 = -21*n + 2*n + 4294. List the prime factors of n.
2, 113
Suppose 9*f - 14*f - 1930 = -5*n, -n = 4*f - 366. What are the prime factors of n?
2, 191
Suppose 0 = -0*d + 2*d + 2, -4*j - 5*d = 49. List the prime factors of (-713)/62*(j - (2 + -1)).
2, 3, 23
Let p(b) = b**3 + 4*b**2 + 2*b - 1. Let y be 4/4 - 4 - 0. Let i be p(y). What are the prime factors of 4/i + 24/6?
2, 3
List the prime factors of 7/(6/60*2).
5, 7
Let l = 36 - 29. What are the prime factors of 16*6/28*l?
2, 3
Suppose -3*p = -o - 1, 5*o + 15 = 12*p - 7*p. List the prime factors of (52 + -5)*(1 - p).
2, 47
Let a(f) = -2*f**3 - 2*f**2 - 4*f - 50. Let l(w) = w**3 + w**2 - w. Let t(b) = -a(b) - l(b). What are the prime factors of t(0)?
2, 5
Let w(v) = -v**2 + 19*v + 3. Let m be w(19). Suppose 0 = m*n + 5*c - 598, 4*c + c = -20. List the prime factors of n.
2, 103
Let q be (-1)/((-3)/42*2). Suppose -2*o - 5 = -q, -3*r - o = -391. List the prime factors of r.
2, 5, 13
Let z be ((-20)/50)/((-4)/(-5))*-284. Suppose -3*d = -131 - z. What are the prime factors of d?
7, 13
Let c(r) = 14*r - 111. List the prime factors of c(18).
3, 47
Let w(x) = 18*x**3 + x**2 + 5*x - 18. What are the prime factors of w(3)?
2, 3, 41
Suppose 0 = 2*g + m + 5 + 53, -4*g = -m + 122. Let i = 0 - g. Suppose 4*j - i = j. What are the prime factors of j?
2, 5
Suppose -3*p = 2*p - 75. Suppose -p = 4*k + 5. Let y = 1 - k. What are the prime factors of y?
2, 3
Suppose 9*x = x + 3776. List the prime factors of x.
2, 59
Let l(p) = -p + 17. Suppose 8*s - 6*s - 10 = 0. Suppose 0 = 2*v - z + 4, -s*v + 6*z = 2*z + 16. List the prime factors of l(v).
17
Let j(o) = -o + 10. Let k be j(5). Suppose -2*u - k = -7*u. List the prime factors of u/((20/(-76))/(-5)).
19
Let o(g) = 83*g**3 + 5*g**2 - 7*g + 3. List the prime factors of o(1).
2, 3, 7
Suppose s + 3*w = 8*w + 3253, -2*s - 5*w = -6521. List the prime factors of s.
2, 3, 181
What are the prime factors of 462/(-42)*3092/(-22)?
2, 773
Let g(h) = h**3 - 2*h**2 + 2. Let z be g(2). Suppose -2*r = -2*x + 62, 4*x - 67 = z*r + 1. What are the prime factors of (r/3 + -2)*-3?
2, 17
Suppose 31*i = 30*i + 3*n + 4760, -3*n = -3*i + 14280. What are the prime factors of i?
2, 5, 7, 17
Let u(r) = 6*r**2 + 8*r - 4. Suppose -2*d = -3*d - s - 4, -4*s = -d - 9. List the prime factors of u(d).
2, 53
Suppose 28*q - 32*q - 716 = 0. Let y = 321 + q. What are the prime factors of y?
2, 71
Suppose 3*s = 3*d + 123, 3*s - 2*d - 107 = 13. Let v(y) = 9*y + 7. Let b be v(5). Suppose 3*j + m + 4*m = s, -2*m = -2*j + b. List the prime factors of j.
3, 7
Let o(m) = 24*m**2 + 22*m + 38. What are the prime factors of o(-7)?
2, 5, 53
List the prime factors of ((-18)/(-5))/(168/2800).
2, 3, 5
Let s(y) = 3*y**3 - 4*y**2 + 12*y + 14. List the prime factors of s(9).
5, 397
Let f = 593 - 291. What are the prime factors of f?
2, 151
Let p(i) be the second derivative of i**4/12 - 3*i**2/2 + 2*i. Let a be -2 - 4 - (-2 - 0). What are the prime factors of p(a)?
13
Let c be (-12)/(-30) + (-18)/(-5). Suppose 7*k - 159 = c*k. What are the prime factors of k?
53
Let m(y) be the first derivative of -3*y**2/2 + y - 3. Let n be m(-2). Suppose 6*x + 14 = n*x. What are the prime factors of x?
2, 7
Suppose 2*p = -0*t - t - 24, p - 53 = 2*t. Let g be 356/(-52) + 4/t. What are the prime factors of 0 - (3*g - -3)?
2, 3
Let n(q) be the first derivative of -3 - 1/3*q**3 + 7/2*q**2 - 1/4*q**4 + 5*q. List the prime factors of n(-4).
5
Let b(k) = 166*k**2 + 38*k - 18. List the prime factors of b(-5).
2, 3, 73
Let g = -132 + 145. Suppose -1369 = -g*u + 477. List the prime factors of u.
2, 71
Let x = -1802 - -3461. What are the prime factors of x?
3, 7, 79
Let j(t) = -7*t**3 - 7*t**2 - 2*t. Suppose 0 = -4*g - u - 11, -u = -1 - 0. What are the prime factors of j(g)?
2, 3, 11
Suppose 3*i - 3*k = 1104 + 333, 2*i + 2*k - 978 = 0. List the prime factors of i.
2, 11
Let q be (4 - 2)*2/4. Suppose -f - 2*x + q = -5, 2*x - 14 = 3*f. List the prime factors of (1/(-2))/(f/124).
31
Suppose 442*y - 451*y = -7848. List the prime factors of y.
2, 109
Let w = -1355 + 2265. What are the prime factors of w?
2, 5, 7, 13
Let o = 303 + 1086. What are the prime factors of o?
3, 463
Let x be (-3 - 3)/6 + (1 - -224). Suppose -14*q = -10*q - x. What are the prime factors of q?
2, 7
What are the prime factors of ((-3212490)/306)/(10/(-6))?
6299
Suppose 15324 = 4*j - 0*w - 4*w, -2*j = w - 7677. List the prime factors of j.
2, 7, 137
Suppose 0 = o - 4*o + 6. Suppose -f = f + o. Let k = 6 + f. What are the prime factors of k?
5
Suppose -3*h + h + 5*g = -78, 0 = -g. What are the prime factors of h?
3, 13
Suppose w + 2*w + 6 = 0. Let q be 6 + w + -1 + 37. Suppose -13*u + 9*u + q = 0. List the prime factors of u.
2, 5
Let f be 3 - 1 - (3 + 0). List the prime factors of 51 + (f + -1)*-1.
53
Let f(p) = p**3 + p**2 + 24*p + 22. List the prime factors of f(6).
2, 11, 19
Suppose -5*y = 0, -y + 24 = 4*k + 2*y. Suppose 328 = k*q - 518. Suppose -2*p + 4*s = -152, -3*s = -2*p + q + 8. List the prime factors of p.
2, 5, 7
Suppose -w = -5*w - 5*x + 1291, w - x = 316. Let q = -159 + w. List the prime factors of q.
2, 5
What are the prime factors of 3080/4 + (7 - 11)?
2, 383
Let q = 329 + -336. Let w(m) = -m + 1. Let f(b) = b**3 + 7*b**2 - 2*b - 3. Let t(g) = f(g) + 4*w(g). List the prime factors of t(q).
43
Let l be -12 + 39 + (2 - -1). Suppose -33*m + 903 = -l*m. What are the prime factors of m?
7, 43
Let i(s) = s**3 - 5*s**2 + 5*s + 1. Let l be i(4). Suppose -18 = f + l*f. List the prime factors of ((-7)/f)/(2/30).
5, 7
Let n(k) = -5*k**3 - k**2. Let o be n(-1). Let i be 54/(o + -2)*1. Let t = i + -2. List the prime factors of t.
5
Let w(x) = 17*x - 2. Let l = 22 - 18. List the prime factors of w(l).
2, 3, 11
Suppose -36 = -14*k + 11*k. Let v(h) = 7*h + 11. What are the prime facto